What is the greatest common divisor of 12 and w?
12
Let l(b) = 3*b**3 + 4*b**2 - 4*b - 1. Let i be l(3). Let q = -55 + 68. What is the highest common factor of i and q?
13
Suppose -6*j - 6*j = -15*j. Suppose j = -5*c - 4*x + 192, -3*c - 5*x + 195 = 2*c. Suppose -2*i + i + 4 = 0. What is the greatest common factor of c and i?
4
Let o be (4 - (1 + 1))/2. Let r be 3/o*(-10)/(-15). What is the greatest common divisor of r and 20?
2
Suppose -14*s + 70 = -4*s. Let u = 11 + s. Let p(d) = d**2 + 5. Let v be p(-7). Calculate the greatest common divisor of v and u.
18
Let p(o) = 145*o**2 - o. Let b be p(1). What is the highest common divisor of 16 and b?
16
Let w(f) = -7 - 2*f**2 + 13 - 13*f + 17. Let k be w(-7). What is the greatest common divisor of 4 and k?
4
Suppose -8*n = 4*n - 240. What is the highest common divisor of n and 16?
4
Let v = 612 + -304. What is the highest common divisor of v and 44?
44
Let m be 2 + (-1888)/(-7) + (-40)/(-140). Suppose 3*h - 6*h - 12 = 0, 2*b - 28 = -h. Calculate the greatest common divisor of b and m.
16
Let b(q) = q**3 + 10*q**2 - 10*q - 44. Let t be b(-10). What is the highest common divisor of 7 and t?
7
Let c(h) = -100*h - 184. Let a be c(-4). Let w = 82 + -55. What is the highest common factor of a and w?
27
Let l(q) = -10*q + 1. Let f be l(-2). Let y be (-212)/6 - ((-2)/3)/(-1). Let k be (-117)/(-33) + y/66. What is the greatest common factor of k and f?
3
Let k be (-4 - (-84)/(-7))/((-2)/8). What is the greatest common divisor of k and 704?
64
Let l = 969 + 170. Calculate the highest common divisor of l and 67.
67
Suppose -10*u - 38 = -5*s - 6*u, -2*u = 4*s - 20. Calculate the greatest common divisor of 786 and s.
6
Let i = -98 + 43. Let m = i + 63. What is the greatest common divisor of m and 88?
8
Let q = -1 - -6. Let p be 4/(-30)*18*-25. Suppose l + 2 + 10 = f, -3*f - 5*l + p = 0. Calculate the greatest common factor of f and q.
5
Let f be 1324/(-24) - 2/(-12). Let g = f - -93. Let b be ((-1)/2)/(3/(-114)). Calculate the highest common factor of g and b.
19
Let l(t) = -68*t + 5. Let g(k) = -68*k + 6. Let f(b) = -3*g(b) + 4*l(b). Let s be f(-1). Let r = 9 + 1. Calculate the greatest common factor of s and r.
10
Let l = 12 - 0. Let s be 4/((-28)/8 + 4). What is the greatest common factor of l and s?
4
Suppose 4*v = -v - c + 41, -2*v - 2 = 5*c. Let d = -12 - -1. Let z = d + 12. Calculate the highest common divisor of z and v.
1
Let n be -3 + (-11 + 2)/((-12)/40). What is the greatest common divisor of 135 and n?
27
Suppose -4*x + 192 = -168. Calculate the highest common divisor of 80 and x.
10
Let y = -62 - -82. What is the highest common divisor of 35 and y?
5
Let m = 31 - 26. Suppose m*r - 2*y + 7 = 91, 5*r + 2*y = 96. What is the highest common divisor of r and 36?
18
Let y = 410 + -190. What is the greatest common factor of 60 and y?
20
Suppose 0 = 5*g - 3*g - 1228. Suppose -3*w = -4*z - 404, 4*w + z + 50 - g = 0. Suppose 5*v + 0*v - w = 0. What is the highest common factor of 252 and v?
28
Suppose 4*l - 16 = 32. Suppose 4*n - 26 = -2*r, -4 - 6 = -5*n + 2*r. What is the highest common divisor of l and n?
4
Suppose 0 = -4*y + 297 + 327. Calculate the highest common divisor of y and 24.
12
Let d = 10 - 18. Let r be ((-12)/(-16))/((-2)/d). Suppose -p + 15 = r. What is the highest common divisor of p and 108?
12
Let v(k) = 24*k**2 - 13*k**2 + 3*k**3 - 12*k**2 + 1. Let p be v(2). What is the highest common factor of 189 and p?
21
Let n(v) = v**3 + 16*v**2 + 48*v - 9. Let w be n(-9). What is the highest common divisor of w and 36?
18
Let i = -337 + 441. Calculate the highest common divisor of i and 8.
8
Suppose -5*y - 5 = 0, -2*b - 5*y + 1162 = -y. What is the highest common factor of 106 and b?
53
Suppose 4*h + 780 = 9*h. Calculate the greatest common factor of 104 and h.
52
Suppose -66*y + 2788 = 3*j - 68*y, 2*j + y - 1861 = 0. Calculate the highest common factor of 30 and j.
30
Let t(l) = -11*l**2 + 3*l - 7. Let n be t(-7). Let c be n/(-36) - 1/(-4). Suppose c*z + 240 = 19*z. What is the highest common divisor of 32 and z?
16
Let i be (-1428)/(-140)*(11 - 1). What is the greatest common divisor of 170 and i?
34
Suppose 4*c - 316 = -3*d, -2*d + 3*c - 6 = -194. Suppose -41 = -2*i - 3*a, 3*i + 2*i + 5*a - d = 0. Calculate the greatest common factor of i and 133.
19
Let m(v) = -v**2 - 16*v + 6. Let i be m(-12). Let a be 7/((-28)/(-64)) - -4. Let f = a - -7. Calculate the greatest common factor of f and i.
27
Suppose 0 = 5*h - 2*b - 55, 2*h - b - 3*b - 6 = 0. Let m = 201 + -110. What is the highest common factor of h and m?
13
Suppose 5*w + 16 = 2*f, -4*f - 2*w = -7*w - 22. Suppose 0 = -a - v + 75, f*v - v + 200 = 3*a. Calculate the greatest common divisor of 10 and a.
10
Suppose -1254 = -27*r + 1662. What is the highest common divisor of r and 4?
4
Let n = 317 - -199. What is the greatest common factor of n and 12?
12
Let m(j) = 274*j**2 + 2*j - 1. Let n be m(1). Calculate the greatest common divisor of n and 22.
11
Let m be 23 - 3/(-6)*-2. Suppose -138 - m = -a. What is the highest common factor of 20 and a?
20
Let g(u) = 7*u - u**2 - 1 + u**3 + 3*u + 5 + 8*u**2. Let b be g(-4). Suppose 3*f + 288 = 6*f. Calculate the greatest common factor of f and b.
12
Suppose -14 = u - 30. What is the highest common factor of u and 8?
8
Let n be ((-14)/(-6))/(2/6). Suppose 0 = -n*m + 9 - 2. Let q = 11 + -5. What is the highest common factor of m and q?
1
Let m(o) = o**3 + o**2 - o - 3. Let f = 17 + -17. Let j be m(f). Let t be (6/3 - j)*1. Calculate the greatest common divisor of t and 2.
1
Let r be (-1)/4 - (-355)/(-20). Let v be (-2720)/(-90) + 4/r. Suppose -3*j = 2*g - 75, 205 = 3*g + j + 75. Calculate the highest common divisor of v and g.
15
Suppose 2520 = 95*i - 13535. Calculate the highest common factor of i and 39.
13
Let r(l) = 5*l + 5. Let z be ((-4)/(-12))/((-1)/6). Let m be r(z). Let s be 4/(((-30)/21)/m). What is the highest common factor of s and 70?
14
Let w be 3 + (348 - (4 - 6)). Suppose 10*k = w + 107. Calculate the highest common divisor of 138 and k.
46
Let x be 2 - 594/(-11) - 8. What is the greatest common divisor of 416 and x?
16
Suppose -3*w - 36 = w. Let q be (-74)/(-6) - (-3)/w. Let s be (-78)/q*(-2 + -2). Calculate the highest common divisor of 130 and s.
26
Suppose 14 = -5*h + 44. Suppose -t = -2 - 28. What is the highest common factor of t and h?
6
Let a(l) = -4*l**2 + 5*l - 24. Let q(c) = 11*c**2 - 16*c + 71. Let u(f) = 8*a(f) + 3*q(f). Let y be u(6). What is the greatest common factor of y and 3?
3
Let z(l) = -l**2 + 14*l + 23. Let g be z(11). What is the highest common divisor of 176 and g?
8
Let p = -3 - -3. Let f = 30 - p. What is the greatest common divisor of 12 and f?
6
Suppose 0 = -2*l - q - 2, -2*q + 2 = -3*l + l. Let p be (l*1)/((-16)/400). What is the highest common factor of p and 275?
25
Let g(d) = d**2 - 5*d - 9. Let w be g(7). Let j(v) = -v**2 + 6*v + 7. Let a be j(w). Calculate the greatest common factor of a and 132.
12
Suppose -19 = -4*k - 3, -4*j = k - 56. Let a(f) = -f**2 + 12*f + 14. Let n be a(j). What is the highest common divisor of n and 2?
1
Let x(m) = 112*m - 811. Let d be x(8). Calculate the highest common factor of 493 and d.
17
Suppose 0*y + 11*y - 1122 = 0. Suppose m + 341 = 4*j - 58, -j + y = 2*m. What is the highest common factor of j and 20?
20
Suppose 598*u - 17028 = 562*u. What is the greatest common factor of 86 and u?
43
Suppose 7*a = 11*a - 12. Let q = 6 - a. Suppose -4*b + 33 = -q. What is the highest common divisor of 45 and b?
9
Let j(p) = -p + 1. Let x be j(-7). Let l = 454 - 430. Calculate the greatest common factor of l and x.
8
Let f = 2307 - 1320. What is the greatest common divisor of f and 94?
47
Let d = -64 - -120. Suppose y - 5*w = 37 - 8, -y - w = -11. Calculate the greatest common divisor of d and y.
14
Suppose -157 = 26*f - 15029. What is the greatest common factor of 52 and f?
52
Let s = 7 - 12. Let m be (-6)/s*(-20)/(-3). Calculate the greatest common divisor of m and 1.
1
Let k be (-6)/2 + 28/4 - -1. Suppose -258 + 658 = k*l. Calculate the highest common divisor of l and 10.
10
Suppose 63 + 100 = x. Let y = x + -17. Let s = y - 98. What is the greatest common divisor of 32 and s?
16
Let i be 10/30 + 1 + 142/6. Calculate the greatest c